{"id":1832,"date":"2010-02-02T21:32:41","date_gmt":"2010-02-02T20:32:41","guid":{"rendered":"http:\/\/www.mossphet.com\/professor-layton\/?page_id=1832"},"modified":"2011-08-14T23:16:54","modified_gmt":"2011-08-14T21:16:54","slug":"les-lieux-ou-sont-caches-les-morceaux-de-photo-perdus-par-l-inspecteur-chelmey","status":"publish","type":"page","link":"https:\/\/www.professeur-layton.info\/boite-de-pandore\/les-lieux-ou-sont-caches-les-morceaux-de-photo-perdus-par-l-inspecteur-chelmey\/","title":{"rendered":"Les lieux o\u00f9 sont cach\u00e9s les morceaux de photo perdus par l&rsquo;Inspecteur Chelmey"},"content":{"rendered":"<p>La photo perdue par l&rsquo;Inspecteur Chelmey a \u00e9t\u00e9 d\u00e9compos\u00e9e en 16 morceaux.<br \/>\nVoici les 16 lieux et emplacements o\u00f9 vous pourrez les retrouver :<\/p>\n<p><strong>Morceau de photo n\u00b01<\/strong> : Allez \u00e0 l&rsquo;h\u00f4tel et parlez \u00e0 Chelmey.<\/p>\n<p><img loading=\"lazy\" decoding=\"async\" src=\"https:\/\/www.professeur-layton.info\/boite-de-pandore\/files\/2010\/02\/Scrap01.png\" alt=\"Professeur Layton et la Boite de Pandore : Morceau de photo perdu num\u00e9ro 1\" width=\"256\" height=\"192\" class=\"aligncenter size-full wp-image-1834\" \/><\/p>\n<p><strong>Morceau de photo n\u00b02<\/strong> : Dans la ruelle au Nord-Est de Folsense, devant Gertrude.<\/p>\n<p><img loading=\"lazy\" decoding=\"async\" src=\"https:\/\/www.professeur-layton.info\/boite-de-pandore\/files\/2010\/02\/Scrap02.png\" alt=\"Professeur Layton et la Boite de Pandore : Morceau de photo perdu num\u00e9ro 2\" width=\"256\" height=\"192\" class=\"aligncenter size-full wp-image-1835\" \/><\/p>\n<p><strong>Morceau de photo n\u00b03<\/strong> : Dans la ruelle plus au Nord au niveau du croisement en \u00ab\u00a0Y\u00a0\u00bb inond\u00e9.<\/p>\n<p><img loading=\"lazy\" decoding=\"async\" src=\"https:\/\/www.professeur-layton.info\/boite-de-pandore\/files\/2010\/02\/Scrap03.png\" alt=\"Professeur Layton et la Boite de Pandore : Morceau de photo perdu num\u00e9ro 3\" width=\"256\" height=\"192\" class=\"aligncenter size-full wp-image-1836\" \/><\/p>\n<p><strong>Morceau de photo n\u00b04<\/strong> : Un peu plus haut, au milieu du tas de d\u00e9tritus.<\/p>\n<p><img loading=\"lazy\" decoding=\"async\" src=\"https:\/\/www.professeur-layton.info\/boite-de-pandore\/files\/2010\/02\/Scrap04.png\" alt=\"Professeur Layton et la Boite de Pandore : Morceau de photo perdu num\u00e9ro 4\" width=\"256\" height=\"192\" class=\"aligncenter size-full wp-image-1837\" \/><\/p>\n<p><strong>Morceau de photo n\u00b05<\/strong> : Toujours dans la ruelle<\/p>\n<p><img loading=\"lazy\" decoding=\"async\" src=\"https:\/\/www.professeur-layton.info\/boite-de-pandore\/files\/2010\/02\/Scrap05.png\" alt=\"Professeur Layton et la Boite de Pandore : Morceau de photo perdu num\u00e9ro 5\" width=\"256\" height=\"192\" class=\"aligncenter size-full wp-image-1838\" \/><\/p>\n<p><strong>Morceau de photo n\u00b06<\/strong> : Parlez \u00e0 Grisou.<\/p>\n<p><img loading=\"lazy\" decoding=\"async\" src=\"https:\/\/www.professeur-layton.info\/boite-de-pandore\/files\/2010\/02\/Scrap06.png\" alt=\"Professeur Layton et la Boite de Pandore : Morceau de photo perdu num\u00e9ro 6\" width=\"256\" height=\"192\" class=\"aligncenter size-full wp-image-1839\" \/><\/p>\n<p><strong>Morceau de photo n\u00b07<\/strong> : Dans la maison situ\u00e9e derri\u00e8re Grisou.<\/p>\n<p><img loading=\"lazy\" decoding=\"async\" src=\"https:\/\/www.professeur-layton.info\/boite-de-pandore\/files\/2010\/02\/Scrap07.png\" alt=\"Professeur Layton et la Boite de Pandore : Morceau de photo perdu num\u00e9ro 7\" width=\"256\" height=\"192\" class=\"aligncenter size-full wp-image-1840\" \/><\/p>\n<p><strong>Morceau de photo n\u00b08<\/strong> : Parlez \u00e0 Blitz au Nord-Ouest de Folsense.<\/p>\n<p><img loading=\"lazy\" decoding=\"async\" src=\"https:\/\/www.professeur-layton.info\/boite-de-pandore\/files\/2010\/02\/Scrap08.png\" alt=\"Professeur Layton et la Boite de Pandore : Morceau de photo perdu num\u00e9ro 8\" width=\"256\" height=\"192\" class=\"aligncenter size-full wp-image-1841\" \/><\/p>\n<p><strong>Morceau de photo n\u00b09<\/strong> : R\u00e9solvez l&rsquo;\u00e9nigme 112 pos\u00e9e devant le mus\u00e9e par Lucas.<\/p>\n<p><img loading=\"lazy\" decoding=\"async\" src=\"https:\/\/www.professeur-layton.info\/boite-de-pandore\/files\/2010\/02\/Scrap09.png\" alt=\"Professeur Layton et la Boite de Pandore : Morceau de photo perdu num\u00e9ro 9\" width=\"256\" height=\"192\" class=\"aligncenter size-full wp-image-1842\" \/><\/p>\n<p><strong>Morceau de photo n\u00b010<\/strong> : Dans la ruelle o\u00f9 se trouve Lila.<\/p>\n<p><img loading=\"lazy\" decoding=\"async\" src=\"https:\/\/www.professeur-layton.info\/boite-de-pandore\/files\/2010\/02\/Scrap10.png\" alt=\"Professeur Layton et la Boite de Pandore : Morceau de photo perdu num\u00e9ro 10\" width=\"256\" height=\"192\" class=\"aligncenter size-full wp-image-1843\" \/><\/p>\n<p><strong>Morceau de photo n\u00b011<\/strong> : Sur la place devant l&rsquo;\u00e9picerie et la tour de gu\u00eat.<\/p>\n<p><img loading=\"lazy\" decoding=\"async\" src=\"https:\/\/www.professeur-layton.info\/boite-de-pandore\/files\/2010\/02\/Scrap11.png\" alt=\"Professeur Layton et la Boite de Pandore : Morceau de photo perdu num\u00e9ro 11\" width=\"256\" height=\"192\" class=\"aligncenter size-full wp-image-1844\" \/><\/p>\n<p><strong>Morceau de photo n\u00b012<\/strong> : Devant le cabaret d&rsquo;Ilyana.<\/p>\n<p><img loading=\"lazy\" decoding=\"async\" src=\"https:\/\/www.professeur-layton.info\/boite-de-pandore\/files\/2010\/02\/Scrap12.png\" alt=\"Professeur Layton et la Boite de Pandore : Morceau de photo perdu num\u00e9ro 12\" width=\"256\" height=\"192\" class=\"aligncenter size-full wp-image-1845\" \/><\/p>\n<p><strong>Morceau de photo n\u00b013<\/strong> : R\u00e9solvez l&rsquo;\u00e9nigme 101 pos\u00e9e par Jimmy sur la Place.<\/p>\n<p><img loading=\"lazy\" decoding=\"async\" src=\"https:\/\/www.professeur-layton.info\/boite-de-pandore\/files\/2010\/02\/Scrap13.png\" alt=\"Professeur Layton et la Boite de Pandore : Morceau de photo perdu num\u00e9ro 13\" width=\"256\" height=\"192\" class=\"aligncenter size-full wp-image-1846\" \/><\/p>\n<p><strong>Morceau de photo n\u00b014<\/strong> : Parlez \u00e0 Jenny devant l&rsquo;antiquaire.<\/p>\n<p><img loading=\"lazy\" decoding=\"async\" src=\"https:\/\/www.professeur-layton.info\/boite-de-pandore\/files\/2010\/02\/Scrap14.png\" alt=\"Professeur Layton et la Boite de Pandore : Morceau de photo perdu num\u00e9ro 14\" width=\"256\" height=\"192\" class=\"aligncenter size-full wp-image-1847\" \/><\/p>\n<p><strong>Morceau de photo n\u00b015<\/strong> : Dans la rue, devant l&rsquo;h\u00f4tel.<\/p>\n<p><img loading=\"lazy\" decoding=\"async\" src=\"https:\/\/www.professeur-layton.info\/boite-de-pandore\/files\/2010\/02\/Scrap15.png\" alt=\"Professeur Layton et la Boite de Pandore : Morceau de photo perdu num\u00e9ro 15\" width=\"256\" height=\"192\" class=\"aligncenter size-full wp-image-1848\" \/><\/p>\n<p><strong>Morceau de photo n\u00b016<\/strong> : Sur le portail menant \u00e0 la for\u00eat.<\/p>\n<p><strong><font color=\"#990000\">IMPORTANT :  Pour ce 16\u00e8me morceau, il est imp\u00e9ratif de repasser par la gare puis de parler \u00e0 Rory sur la place de la statue pour d\u00e9clencher l&rsquo;apparition de ce morceau.<\/font><\/strong>. Merci \u00e0 Ikuzen.<\/p>\n<p><img loading=\"lazy\" decoding=\"async\" src=\"https:\/\/www.professeur-layton.info\/boite-de-pandore\/files\/2010\/02\/Scrap16.png\" alt=\"Professeur Layton et la Boite de Pandore : Morceau de photo perdu num\u00e9ro 16\" width=\"256\" height=\"192\" class=\"aligncenter size-full wp-image-1833\" \/><\/p>\n","protected":false},"excerpt":{"rendered":"<p>La photo perdue par l&rsquo;Inspecteur Chelmey a \u00e9t\u00e9 d\u00e9compos\u00e9e en 16 morceaux. Voici les 16 lieux et emplacements o\u00f9 vous pourrez les retrouver : Morceau de photo n\u00b01 : Allez \u00e0 l&rsquo;h\u00f4tel et parlez \u00e0 Chelmey. Morceau de photo n\u00b02 : Dans la ruelle au Nord-Est de Folsense, devant Gertrude. Morceau de photo n\u00b03 : [&hellip;]<\/p>\n","protected":false},"author":2,"featured_media":0,"parent":0,"menu_order":0,"comment_status":"open","ping_status":"open","template":"","meta":{"footnotes":""},"class_list":["post-1832","page","type-page","status-publish","hentry"],"_links":{"self":[{"href":"https:\/\/www.professeur-layton.info\/boite-de-pandore\/wp-json\/wp\/v2\/pages\/1832","targetHints":{"allow":["GET"]}}],"collection":[{"href":"https:\/\/www.professeur-layton.info\/boite-de-pandore\/wp-json\/wp\/v2\/pages"}],"about":[{"href":"https:\/\/www.professeur-layton.info\/boite-de-pandore\/wp-json\/wp\/v2\/types\/page"}],"author":[{"embeddable":true,"href":"https:\/\/www.professeur-layton.info\/boite-de-pandore\/wp-json\/wp\/v2\/users\/2"}],"replies":[{"embeddable":true,"href":"https:\/\/www.professeur-layton.info\/boite-de-pandore\/wp-json\/wp\/v2\/comments?post=1832"}],"version-history":[{"count":4,"href":"https:\/\/www.professeur-layton.info\/boite-de-pandore\/wp-json\/wp\/v2\/pages\/1832\/revisions"}],"predecessor-version":[{"id":1972,"href":"https:\/\/www.professeur-layton.info\/boite-de-pandore\/wp-json\/wp\/v2\/pages\/1832\/revisions\/1972"}],"wp:attachment":[{"href":"https:\/\/www.professeur-layton.info\/boite-de-pandore\/wp-json\/wp\/v2\/media?parent=1832"}],"curies":[{"name":"wp","href":"https:\/\/api.w.org\/{rel}","templated":true}]}}